{"id":270,"date":"2021-04-29T18:30:06","date_gmt":"2021-04-29T18:30:06","guid":{"rendered":"https:\/\/pfadfinder-fallingbostel.de\/?page_id=270"},"modified":"2024-02-24T18:18:52","modified_gmt":"2024-02-24T18:18:52","slug":"haus-hannover","status":"publish","type":"page","link":"https:\/\/pfadfinder-fallingbostel.de\/?page_id=270","title":{"rendered":"Haus Hannover"},"content":{"rendered":"\n<div style=\"height:100px\" aria-hidden=\"true\" class=\"wp-block-spacer\"><\/div>\n\n\n\n<p class=\"has-large-font-size\">Haus Hannover bietet einen gro\u00dfen Speise- und Versammlungssaal, sowie eine professionell ausgestattete K\u00fcche. Zwei Gruppenschlafr\u00e4ume, ein Leiterzimmer und ein Schlafraum f\u00fcr das K\u00fcchenpersonal, mit insgesamt 19 Betten stehen Euch hier zur Verf\u00fcgung.<\/p>\n\n\n\n<div style=\"height:100px\" aria-hidden=\"true\" class=\"wp-block-spacer\"><\/div>\n\n\n<div class=\"wp-block-image\">\n<figure class=\"aligncenter size-large is-resized\"><img loading=\"lazy\" decoding=\"async\" src=\"https:\/\/pfadfinder-fallingbostel.de\/wp-content\/uploads\/2021\/05\/Hannover-1024x610.png\" alt=\"\" class=\"wp-image-307\" width=\"1064\" height=\"634\" srcset=\"https:\/\/pfadfinder-fallingbostel.de\/wp-content\/uploads\/2021\/05\/Hannover-1024x610.png 1024w, https:\/\/pfadfinder-fallingbostel.de\/wp-content\/uploads\/2021\/05\/Hannover-300x179.png 300w, https:\/\/pfadfinder-fallingbostel.de\/wp-content\/uploads\/2021\/05\/Hannover-768x458.png 768w, https:\/\/pfadfinder-fallingbostel.de\/wp-content\/uploads\/2021\/05\/Hannover-504x300.png 504w, https:\/\/pfadfinder-fallingbostel.de\/wp-content\/uploads\/2021\/05\/Hannover.png 1118w\" sizes=\"auto, (max-width: 1064px) 100vw, 1064px\" \/><\/figure>\n<\/div>\n\n\n<div style=\"height:100px\" aria-hidden=\"true\" class=\"wp-block-spacer\"><\/div>\n\n\n<div class=\"wp-block-image\">\n<figure class=\"aligncenter size-large is-resized\"><img loading=\"lazy\" decoding=\"async\" src=\"https:\/\/pfadfinder-fallingbostel.de\/wp-content\/uploads\/2021\/04\/IMG-20201004-WA0004-2-1024x768.jpg\" alt=\"\" class=\"wp-image-205\" width=\"1020\" height=\"765\" srcset=\"https:\/\/pfadfinder-fallingbostel.de\/wp-content\/uploads\/2021\/04\/IMG-20201004-WA0004-2-1024x768.jpg 1024w, https:\/\/pfadfinder-fallingbostel.de\/wp-content\/uploads\/2021\/04\/IMG-20201004-WA0004-2-300x225.jpg 300w, https:\/\/pfadfinder-fallingbostel.de\/wp-content\/uploads\/2021\/04\/IMG-20201004-WA0004-2-768x576.jpg 768w, https:\/\/pfadfinder-fallingbostel.de\/wp-content\/uploads\/2021\/04\/IMG-20201004-WA0004-2-1536x1152.jpg 1536w, https:\/\/pfadfinder-fallingbostel.de\/wp-content\/uploads\/2021\/04\/IMG-20201004-WA0004-2-400x300.jpg 400w, https:\/\/pfadfinder-fallingbostel.de\/wp-content\/uploads\/2021\/04\/IMG-20201004-WA0004-2.jpg 1600w\" sizes=\"auto, (max-width: 1020px) 100vw, 1020px\" \/><\/figure>\n<\/div>\n\n\n<div style=\"height:100px\" aria-hidden=\"true\" class=\"wp-block-spacer\"><\/div>\n\n\n<div class=\"wp-block-image\">\n<figure class=\"aligncenter size-large\"><img loading=\"lazy\" decoding=\"async\" width=\"1024\" height=\"768\" src=\"https:\/\/pfadfinder-fallingbostel.de\/wp-content\/uploads\/2021\/06\/IMG_20210522_192648-1024x768.jpg\" alt=\"\" class=\"wp-image-494\" srcset=\"https:\/\/pfadfinder-fallingbostel.de\/wp-content\/uploads\/2021\/06\/IMG_20210522_192648-1024x768.jpg 1024w, https:\/\/pfadfinder-fallingbostel.de\/wp-content\/uploads\/2021\/06\/IMG_20210522_192648-300x225.jpg 300w, https:\/\/pfadfinder-fallingbostel.de\/wp-content\/uploads\/2021\/06\/IMG_20210522_192648-768x576.jpg 768w, https:\/\/pfadfinder-fallingbostel.de\/wp-content\/uploads\/2021\/06\/IMG_20210522_192648-1536x1152.jpg 1536w, https:\/\/pfadfinder-fallingbostel.de\/wp-content\/uploads\/2021\/06\/IMG_20210522_192648-2048x1536.jpg 2048w, https:\/\/pfadfinder-fallingbostel.de\/wp-content\/uploads\/2021\/06\/IMG_20210522_192648-400x300.jpg 400w\" sizes=\"auto, (max-width: 1024px) 100vw, 1024px\" \/><\/figure>\n<\/div>\n\n\n<div style=\"height:100px\" aria-hidden=\"true\" class=\"wp-block-spacer\"><\/div>\n\n\n<div class=\"wp-block-image\">\n<figure class=\"aligncenter size-large is-resized\"><img loading=\"lazy\" decoding=\"async\" src=\"https:\/\/pfadfinder-fallingbostel.de\/wp-content\/uploads\/2021\/05\/IMG_20210522_153342-1024x768.jpg\" alt=\"\" class=\"wp-image-448\" width=\"1024\" height=\"769\" srcset=\"https:\/\/pfadfinder-fallingbostel.de\/wp-content\/uploads\/2021\/05\/IMG_20210522_153342-1024x768.jpg 1024w, https:\/\/pfadfinder-fallingbostel.de\/wp-content\/uploads\/2021\/05\/IMG_20210522_153342-300x225.jpg 300w, https:\/\/pfadfinder-fallingbostel.de\/wp-content\/uploads\/2021\/05\/IMG_20210522_153342-768x576.jpg 768w, https:\/\/pfadfinder-fallingbostel.de\/wp-content\/uploads\/2021\/05\/IMG_20210522_153342-1536x1152.jpg 1536w, https:\/\/pfadfinder-fallingbostel.de\/wp-content\/uploads\/2021\/05\/IMG_20210522_153342-2048x1536.jpg 2048w, https:\/\/pfadfinder-fallingbostel.de\/wp-content\/uploads\/2021\/05\/IMG_20210522_153342-400x300.jpg 400w\" sizes=\"auto, (max-width: 1024px) 100vw, 1024px\" \/><\/figure>\n<\/div>\n\n\n<div style=\"height:100px\" aria-hidden=\"true\" class=\"wp-block-spacer\"><\/div>\n\n\n<div class=\"wp-block-image\">\n<figure class=\"aligncenter size-large\"><img loading=\"lazy\" decoding=\"async\" width=\"1024\" height=\"768\" src=\"https:\/\/pfadfinder-fallingbostel.de\/wp-content\/uploads\/2021\/05\/IMG_20210522_143927-1024x768.jpg\" alt=\"\" class=\"wp-image-451\" srcset=\"https:\/\/pfadfinder-fallingbostel.de\/wp-content\/uploads\/2021\/05\/IMG_20210522_143927-1024x768.jpg 1024w, https:\/\/pfadfinder-fallingbostel.de\/wp-content\/uploads\/2021\/05\/IMG_20210522_143927-300x225.jpg 300w, https:\/\/pfadfinder-fallingbostel.de\/wp-content\/uploads\/2021\/05\/IMG_20210522_143927-768x576.jpg 768w, https:\/\/pfadfinder-fallingbostel.de\/wp-content\/uploads\/2021\/05\/IMG_20210522_143927-1536x1152.jpg 1536w, https:\/\/pfadfinder-fallingbostel.de\/wp-content\/uploads\/2021\/05\/IMG_20210522_143927-2048x1536.jpg 2048w, https:\/\/pfadfinder-fallingbostel.de\/wp-content\/uploads\/2021\/05\/IMG_20210522_143927-400x300.jpg 400w\" sizes=\"auto, (max-width: 1024px) 100vw, 1024px\" \/><\/figure>\n<\/div>\n\n\n<div style=\"height:100px\" aria-hidden=\"true\" class=\"wp-block-spacer\"><\/div>\n\n\n<div class=\"wp-block-image\">\n<figure class=\"aligncenter size-large\"><img loading=\"lazy\" decoding=\"async\" width=\"1024\" height=\"768\" src=\"https:\/\/pfadfinder-fallingbostel.de\/wp-content\/uploads\/2021\/05\/IMG_20210522_143524-1024x768.jpg\" alt=\"\" class=\"wp-image-449\" srcset=\"https:\/\/pfadfinder-fallingbostel.de\/wp-content\/uploads\/2021\/05\/IMG_20210522_143524-1024x768.jpg 1024w, https:\/\/pfadfinder-fallingbostel.de\/wp-content\/uploads\/2021\/05\/IMG_20210522_143524-300x225.jpg 300w, https:\/\/pfadfinder-fallingbostel.de\/wp-content\/uploads\/2021\/05\/IMG_20210522_143524-768x576.jpg 768w, https:\/\/pfadfinder-fallingbostel.de\/wp-content\/uploads\/2021\/05\/IMG_20210522_143524-1536x1152.jpg 1536w, https:\/\/pfadfinder-fallingbostel.de\/wp-content\/uploads\/2021\/05\/IMG_20210522_143524-2048x1536.jpg 2048w, https:\/\/pfadfinder-fallingbostel.de\/wp-content\/uploads\/2021\/05\/IMG_20210522_143524-400x300.jpg 400w\" sizes=\"auto, (max-width: 1024px) 100vw, 1024px\" \/><\/figure>\n<\/div>\n\n\n<div style=\"height:100px\" aria-hidden=\"true\" class=\"wp-block-spacer\"><\/div>\n\n\n<div class=\"wp-block-image\">\n<figure class=\"aligncenter size-large\"><img loading=\"lazy\" decoding=\"async\" width=\"1024\" height=\"768\" src=\"https:\/\/pfadfinder-fallingbostel.de\/wp-content\/uploads\/2021\/05\/IMG_20210522_143421-1024x768.jpg\" alt=\"\" class=\"wp-image-450\" srcset=\"https:\/\/pfadfinder-fallingbostel.de\/wp-content\/uploads\/2021\/05\/IMG_20210522_143421-1024x768.jpg 1024w, https:\/\/pfadfinder-fallingbostel.de\/wp-content\/uploads\/2021\/05\/IMG_20210522_143421-300x225.jpg 300w, https:\/\/pfadfinder-fallingbostel.de\/wp-content\/uploads\/2021\/05\/IMG_20210522_143421-768x576.jpg 768w, https:\/\/pfadfinder-fallingbostel.de\/wp-content\/uploads\/2021\/05\/IMG_20210522_143421-1536x1152.jpg 1536w, https:\/\/pfadfinder-fallingbostel.de\/wp-content\/uploads\/2021\/05\/IMG_20210522_143421-2048x1536.jpg 2048w, https:\/\/pfadfinder-fallingbostel.de\/wp-content\/uploads\/2021\/05\/IMG_20210522_143421-400x300.jpg 400w\" sizes=\"auto, (max-width: 1024px) 100vw, 1024px\" \/><\/figure>\n<\/div>\n\n\n<div style=\"height:100px\" aria-hidden=\"true\" class=\"wp-block-spacer\"><\/div>\n\n\n<div class=\"wp-block-image\">\n<figure class=\"aligncenter size-large\"><img loading=\"lazy\" decoding=\"async\" width=\"1024\" height=\"768\" src=\"https:\/\/pfadfinder-fallingbostel.de\/wp-content\/uploads\/2021\/06\/IMG_20210522_144335-1024x768.jpg\" alt=\"\" class=\"wp-image-493\" srcset=\"https:\/\/pfadfinder-fallingbostel.de\/wp-content\/uploads\/2021\/06\/IMG_20210522_144335-1024x768.jpg 1024w, https:\/\/pfadfinder-fallingbostel.de\/wp-content\/uploads\/2021\/06\/IMG_20210522_144335-300x225.jpg 300w, https:\/\/pfadfinder-fallingbostel.de\/wp-content\/uploads\/2021\/06\/IMG_20210522_144335-768x576.jpg 768w, https:\/\/pfadfinder-fallingbostel.de\/wp-content\/uploads\/2021\/06\/IMG_20210522_144335-1536x1152.jpg 1536w, https:\/\/pfadfinder-fallingbostel.de\/wp-content\/uploads\/2021\/06\/IMG_20210522_144335-2048x1536.jpg 2048w, https:\/\/pfadfinder-fallingbostel.de\/wp-content\/uploads\/2021\/06\/IMG_20210522_144335-400x300.jpg 400w\" sizes=\"auto, (max-width: 1024px) 100vw, 1024px\" \/><\/figure>\n<\/div>","protected":false},"excerpt":{"rendered":"<p>Haus Hannover bietet einen gro\u00dfen Speise- und Versammlungssaal, sowie eine professionell ausgestattete K\u00fcche. Zwei Gruppenschlafr\u00e4ume, ein Leiterzimmer und ein Schlafraum f\u00fcr das K\u00fcchenpersonal, mit insgesamt &hellip;<\/p>\n","protected":false},"author":1,"featured_media":433,"parent":0,"menu_order":0,"comment_status":"closed","ping_status":"closed","template":"","meta":{"footnotes":""},"class_list":["post-270","page","type-page","status-publish","has-post-thumbnail","hentry"],"jetpack_sharing_enabled":true,"_links":{"self":[{"href":"https:\/\/pfadfinder-fallingbostel.de\/index.php?rest_route=\/wp\/v2\/pages\/270","targetHints":{"allow":["GET"]}}],"collection":[{"href":"https:\/\/pfadfinder-fallingbostel.de\/index.php?rest_route=\/wp\/v2\/pages"}],"about":[{"href":"https:\/\/pfadfinder-fallingbostel.de\/index.php?rest_route=\/wp\/v2\/types\/page"}],"author":[{"embeddable":true,"href":"https:\/\/pfadfinder-fallingbostel.de\/index.php?rest_route=\/wp\/v2\/users\/1"}],"replies":[{"embeddable":true,"href":"https:\/\/pfadfinder-fallingbostel.de\/index.php?rest_route=%2Fwp%2Fv2%2Fcomments&post=270"}],"version-history":[{"count":10,"href":"https:\/\/pfadfinder-fallingbostel.de\/index.php?rest_route=\/wp\/v2\/pages\/270\/revisions"}],"predecessor-version":[{"id":557,"href":"https:\/\/pfadfinder-fallingbostel.de\/index.php?rest_route=\/wp\/v2\/pages\/270\/revisions\/557"}],"wp:featuredmedia":[{"embeddable":true,"href":"https:\/\/pfadfinder-fallingbostel.de\/index.php?rest_route=\/wp\/v2\/media\/433"}],"wp:attachment":[{"href":"https:\/\/pfadfinder-fallingbostel.de\/index.php?rest_route=%2Fwp%2Fv2%2Fmedia&parent=270"}],"curies":[{"name":"wp","href":"https:\/\/api.w.org\/{rel}","templated":true}]}}